{"id":273,"date":"2022-02-06T19:33:33","date_gmt":"2022-02-06T18:33:33","guid":{"rendered":"https:\/\/www.steelshooting.de\/?page_id=273"},"modified":"2022-02-08T16:32:59","modified_gmt":"2022-02-08T15:32:59","slug":"liga-preise","status":"publish","type":"page","link":"https:\/\/www.steelshooting.de\/index.php\/liga-preise\/","title":{"rendered":"Liga > Preise"},"content":{"rendered":"\n<p class=\"has-medium-font-size\">Hier findet Ihr die von den Hauptsponsoren bereitgestellten Preise f\u00fcr die Besten der Divisionen. Die Vertreter der ISSA (Tilmann und Mike) werden keine <a href=\"https:\/\/www.steelshooting.de\/wp-content\/uploads\/2022\/02\/016_Liga_Ehrenerklaerung_200813-2.pdf\" target=\"_blank\" rel=\"noreferrer noopener\">&#8222;Ehrenerkl\u00e4rung zum Amateurstatut&#8220;<\/a> abgeben und k\u00f6nnen damit keinen der Hauptpreise gewinnen. <\/p>\n\n\n\n<p class=\"has-medium-font-size\">Wichtig: Jeder Sch\u00fctze kann, auch wenn er in mehreren Disziplinen startet, nur einen Hauptpreis gewinnen!<\/p>\n\n\n\n<p>&nbsp;<\/p>\n\n\n\n<figure class=\"wp-block-image size-full is-resized\"><img loading=\"lazy\" decoding=\"async\" src=\"https:\/\/www.steelshooting.de\/wp-content\/uploads\/2022\/02\/Walther_Preis.jpg\" alt=\"\" class=\"wp-image-558\" width=\"840\" height=\"630\" srcset=\"https:\/\/www.steelshooting.de\/wp-content\/uploads\/2022\/02\/Walther_Preis.jpg 1000w, https:\/\/www.steelshooting.de\/wp-content\/uploads\/2022\/02\/Walther_Preis-300x225.jpg 300w, https:\/\/www.steelshooting.de\/wp-content\/uploads\/2022\/02\/Walther_Preis-768x576.jpg 768w\" sizes=\"auto, (max-width: 840px) 100vw, 840px\" \/><figcaption><strong>Sponsor Carl Walther<\/strong><\/figcaption><\/figure>\n\n\n\n<figure class=\"wp-block-image size-large\"><img loading=\"lazy\" decoding=\"async\" width=\"1024\" height=\"768\" src=\"https:\/\/www.steelshooting.de\/wp-content\/uploads\/2022\/02\/Korth_Preis-1024x768.jpeg\" alt=\"\" class=\"wp-image-559\" srcset=\"https:\/\/www.steelshooting.de\/wp-content\/uploads\/2022\/02\/Korth_Preis-1024x768.jpeg 1024w, https:\/\/www.steelshooting.de\/wp-content\/uploads\/2022\/02\/Korth_Preis-300x225.jpeg 300w, https:\/\/www.steelshooting.de\/wp-content\/uploads\/2022\/02\/Korth_Preis-768x576.jpeg 768w, https:\/\/www.steelshooting.de\/wp-content\/uploads\/2022\/02\/Korth_Preis-1536x1152.jpeg 1536w, https:\/\/www.steelshooting.de\/wp-content\/uploads\/2022\/02\/Korth_Preis-1440x1080.jpeg 1440w, https:\/\/www.steelshooting.de\/wp-content\/uploads\/2022\/02\/Korth_Preis.jpeg 2016w\" sizes=\"auto, (max-width: 1024px) 100vw, 1024px\" \/><figcaption><strong>Sponsor: PTW Korth<\/strong><\/figcaption><\/figure>\n\n\n\n<figure class=\"wp-block-image size-large\"><img loading=\"lazy\" decoding=\"async\" width=\"1024\" height=\"687\" src=\"https:\/\/www.steelshooting.de\/wp-content\/uploads\/2022\/02\/Ruger_MK4_tactical-1024x687.jpeg\" alt=\"\" class=\"wp-image-588\" srcset=\"https:\/\/www.steelshooting.de\/wp-content\/uploads\/2022\/02\/Ruger_MK4_tactical-1024x687.jpeg 1024w, https:\/\/www.steelshooting.de\/wp-content\/uploads\/2022\/02\/Ruger_MK4_tactical-300x201.jpeg 300w, https:\/\/www.steelshooting.de\/wp-content\/uploads\/2022\/02\/Ruger_MK4_tactical-768x515.jpeg 768w, https:\/\/www.steelshooting.de\/wp-content\/uploads\/2022\/02\/Ruger_MK4_tactical.jpeg 1280w\" sizes=\"auto, (max-width: 1024px) 100vw, 1024px\" \/><figcaption><strong>Sponsor: Dirk Frey, Waffenwelt Frey<\/strong><\/figcaption><\/figure>\n\n\n\n<figure class=\"wp-block-image size-large\"><img loading=\"lazy\" decoding=\"async\" width=\"1024\" height=\"683\" src=\"https:\/\/www.steelshooting.de\/wp-content\/uploads\/2022\/02\/Preis_HERA_9er-1024x683.jpg\" alt=\"\" class=\"wp-image-492\" srcset=\"https:\/\/www.steelshooting.de\/wp-content\/uploads\/2022\/02\/Preis_HERA_9er-1024x683.jpg 1024w, https:\/\/www.steelshooting.de\/wp-content\/uploads\/2022\/02\/Preis_HERA_9er-300x200.jpg 300w, https:\/\/www.steelshooting.de\/wp-content\/uploads\/2022\/02\/Preis_HERA_9er-768x512.jpg 768w, https:\/\/www.steelshooting.de\/wp-content\/uploads\/2022\/02\/Preis_HERA_9er-1536x1024.jpg 1536w, https:\/\/www.steelshooting.de\/wp-content\/uploads\/2022\/02\/Preis_HERA_9er-2048x1365.jpg 2048w, https:\/\/www.steelshooting.de\/wp-content\/uploads\/2022\/02\/Preis_HERA_9er-1620x1080.jpg 1620w\" sizes=\"auto, (max-width: 1024px) 100vw, 1024px\" \/><figcaption><strong>Sponsor: HERA Arms Germany<\/strong><\/figcaption><\/figure>\n\n\n\n<figure class=\"wp-block-image size-large\"><img loading=\"lazy\" decoding=\"async\" width=\"1024\" height=\"684\" src=\"https:\/\/www.steelshooting.de\/wp-content\/uploads\/2022\/02\/Schoger_Sponsor_6830-2-1024x684.jpg\" alt=\"\" class=\"wp-image-671\" srcset=\"https:\/\/www.steelshooting.de\/wp-content\/uploads\/2022\/02\/Schoger_Sponsor_6830-2-1024x684.jpg 1024w, https:\/\/www.steelshooting.de\/wp-content\/uploads\/2022\/02\/Schoger_Sponsor_6830-2-300x200.jpg 300w, https:\/\/www.steelshooting.de\/wp-content\/uploads\/2022\/02\/Schoger_Sponsor_6830-2-768x513.jpg 768w, https:\/\/www.steelshooting.de\/wp-content\/uploads\/2022\/02\/Schoger_Sponsor_6830-2-1536x1025.jpg 1536w, https:\/\/www.steelshooting.de\/wp-content\/uploads\/2022\/02\/Schoger_Sponsor_6830-2-2048x1367.jpg 2048w, https:\/\/www.steelshooting.de\/wp-content\/uploads\/2022\/02\/Schoger_Sponsor_6830-2-1618x1080.jpg 1618w\" sizes=\"auto, (max-width: 1024px) 100vw, 1024px\" \/><figcaption><strong>Sponsor: Schoger Arms<\/strong><\/figcaption><\/figure>\n\n\n\n<p><\/p>\n","protected":false},"excerpt":{"rendered":"<p>Hier findet Ihr die von den Hauptsponsoren bereitgestellten Preise f\u00fcr die Besten der Divisionen. Die Vertreter der ISSA (Tilmann und Mike) werden keine &#8222;Ehrenerkl\u00e4rung zum Amateurstatut&#8220; abgeben und k\u00f6nnen damit keinen der Hauptpreise gewinnen. Wichtig: Jeder Sch\u00fctze kann, auch wenn er in mehreren Disziplinen startet, nur einen Hauptpreis gewinnen! &nbsp;<\/p>\n","protected":false},"author":2,"featured_media":0,"parent":0,"menu_order":0,"comment_status":"closed","ping_status":"closed","template":"","meta":{"footnotes":""},"class_list":["post-273","page","type-page","status-publish","hentry"],"_links":{"self":[{"href":"https:\/\/www.steelshooting.de\/index.php\/wp-json\/wp\/v2\/pages\/273","targetHints":{"allow":["GET"]}}],"collection":[{"href":"https:\/\/www.steelshooting.de\/index.php\/wp-json\/wp\/v2\/pages"}],"about":[{"href":"https:\/\/www.steelshooting.de\/index.php\/wp-json\/wp\/v2\/types\/page"}],"author":[{"embeddable":true,"href":"https:\/\/www.steelshooting.de\/index.php\/wp-json\/wp\/v2\/users\/2"}],"replies":[{"embeddable":true,"href":"https:\/\/www.steelshooting.de\/index.php\/wp-json\/wp\/v2\/comments?post=273"}],"version-history":[{"count":7,"href":"https:\/\/www.steelshooting.de\/index.php\/wp-json\/wp\/v2\/pages\/273\/revisions"}],"predecessor-version":[{"id":703,"href":"https:\/\/www.steelshooting.de\/index.php\/wp-json\/wp\/v2\/pages\/273\/revisions\/703"}],"wp:attachment":[{"href":"https:\/\/www.steelshooting.de\/index.php\/wp-json\/wp\/v2\/media?parent=273"}],"curies":[{"name":"wp","href":"https:\/\/api.w.org\/{rel}","templated":true}]}}