{"id":105,"date":"2022-01-22T12:52:53","date_gmt":"2022-01-22T11:52:53","guid":{"rendered":"https:\/\/server.it-services-haase.de\/?page_id=105"},"modified":"2022-02-06T23:54:34","modified_gmt":"2022-02-06T22:54:34","slug":"impressum","status":"publish","type":"page","link":"https:\/\/www.steelshooting.de\/index.php\/impressum\/","title":{"rendered":"Impressum"},"content":{"rendered":"\n<h1 class=\"wp-block-heading\"><\/h1>\n\n\n\n<h1 class=\"wp-block-heading\" id=\"angaben-gemass-5-tmg\">Angaben gem\u00e4\u00df \u00a7 5 TMG:<\/h1>\n\n\n\n<p>Tilmann E. Keith<br>Slevogtstr. 82 a<br>09114 Chemnitz&nbsp;<\/p>\n\n\n\n<h2 class=\"wp-block-heading\" id=\"kontakt\">Kontakt:<\/h2>\n\n\n\n<figure class=\"wp-block-table\"><table><tbody><tr><td>Telefon:<\/td><td>+49-371-2727460<\/td><\/tr><tr><td>Telefax:<\/td><td>+49-371-2727462<\/td><\/tr><tr><td>Mobile Einwahl:<\/td><td>+49-172-5290102<\/td><\/tr><tr><td>E-Mail:<\/td><td>tk@steelshooting.de<\/td><\/tr><\/tbody><\/table><\/figure>\n\n\n\n<h3 class=\"wp-block-heading\" id=\"haftungsausschluss\">Haftungsausschluss<\/h3>\n\n\n\n<p>Wir haben die aufgef\u00fchrten Inhalte mit gro\u00dfer Sorgfalt zusammengestellt und gepr\u00fcft. Allerdings \u00fcbernehmen wir keine Gew\u00e4hr f\u00fcr die Vollst\u00e4ndigkeit oder Aktualit\u00e4t. Hinweise auf die Rechtslage stellen keine Rechtsberatung dar und k\u00f6nnen veraltet sein. F\u00fcr verlinkte externe Inhalte, auf die wir hinweisen, sind wir ausdr\u00fccklich nicht verantwortlich. N\u00e4heres wird unten ausgef\u00fchrt.<\/p>\n\n\n\n<h3 class=\"wp-block-heading\" id=\"hier-gehts-zur-datenschutzerklarung\"><a href=\"https:\/\/www.steelshooting.de\/index.php\/ss-datenschutz\/\" data-type=\"URL\" data-id=\"https:\/\/www.steelshooting.de\/index.php\/ss-datenschutz\/\" target=\"_blank\" rel=\"noreferrer noopener\">hier gehts zur Datenschutzerkl\u00e4rung<\/a><\/h3>\n\n\n\n<p>Gern k\u00f6nnt Ihr Euch bei uns melden, um Matchinfos und Neuigkeiten zu erfragen. \u00a0Bitte beachtet dabei, dass bei Nutzung von EMAIL die Daten\u00fcbertragung unverschl\u00fcsselt erfolgt und quasi von jedermann mitgelesen werden kann.<\/p>\n\n\n\n<p><strong>Datenschutzhinweis in eigener Sache:<\/strong><br>Alle auf diesen Seiten genannten Personen widersprechen hiermit der kommerziellen Verwendung und Weitergabe ihrer Daten (vgl. \u00a7 28 BDSG).<\/p>\n\n\n\n<p><strong>Urheberrechtshinweis:<\/strong><br>Alle Inhalte auf dieser Website, insbesondere Bilder, Texte und Struktur, unterliegen internationalen Schutzgesetzen (Urheberrecht, Copyright). Eine Nutzung dieser Inhalte (auch Auszugsweise) ist nur dann gestattet, wenn diese der&nbsp;pers\u00f6nlichen Information dient. Jegliche weitergehende Nutzung bedarf der ausdr\u00fccklichen, schriftlichen, Genehmigung. Wir widersprechen hiermit jeglicher Weiterverbreitung von Inhalten und Bilder auf konventionellen und elektronischem Weg. Wir werden jegliche unberechtigte Nutzung ohne weitere Warnung zur Anzeige bringen.&nbsp;Jegliche weitergehende Nutzung bedarf der ausdr\u00fccklichen, schriftlichen, Genehmigung des Vorstandes des Sch\u00fctzenvereins Karl May 1990 e.V..&nbsp;<\/p>\n\n\n\n<p><strong>Haftungsausschluss Inhalte betreffend:<\/strong><br>S\u00e4mtliche Angaben zu Objekten (Schie\u00dfst\u00e4nde) auf dieser Website wurden uns von den jeweiligen Betreibern \u00fcbermittelt. Soweit m\u00f6glich, wurden diese Daten von uns gewissenhaft \u00fcberpr\u00fcft. Bitte haben Sie Verst\u00e4ndnis daf\u00fcr, dass wir keine Haftung \u00fcbernehmen k\u00f6nnen. Irrtum und \u00c4nderungen vorbehalten. Wir pr\u00fcfen und aktualisieren die Informationen auf dieser Website regelm\u00e4\u00dfig. Trotzdem k\u00f6nnen sich die Daten ver\u00e4ndert haben. Eine Haftung und\/oder Garantie f\u00fcr die Aktualit\u00e4t und Vollst\u00e4ndigkeit der ver\u00f6ffentlichten Informationen wird nicht \u00fcbernommen. Jegliche Haftung, insbesondere f\u00fcr evtl. Sch\u00e4den oder Konsequenzen, die durch die Nutzung der hier angebotenen Inhalte entstehen, sind ausgeschlossen.<\/p>\n\n\n\n<p><strong>Haftungsausschluss Links betreffend:<\/strong><br>Wir weisen ausdr\u00fccklich darauf hin, dass wir auf die Inhaltliche Gestaltung der verlinkten Webseiten keinen Einfluss haben. Trotz sorgf\u00e4ltiger inhaltlicher Kontrolle \u00fcbernehmen wir daher keine Haftung f\u00fcr die Inhalte externer Links. F\u00fcr den Inhalt der verlinkten Seiten sind ausschlie\u00dflich deren Betreiber verantwortlich.<\/p>\n","protected":false},"excerpt":{"rendered":"<p>Angaben gem\u00e4\u00df \u00a7 5 TMG: Tilmann E. KeithSlevogtstr. 82 a09114 Chemnitz&nbsp; Kontakt: Telefon: +49-371-2727460 Telefax: +49-371-2727462 Mobile Einwahl: +49-172-5290102 E-Mail: tk@steelshooting.de Haftungsausschluss Wir haben die aufgef\u00fchrten Inhalte mit gro\u00dfer Sorgfalt zusammengestellt und gepr\u00fcft. Allerdings \u00fcbernehmen wir keine Gew\u00e4hr f\u00fcr die Vollst\u00e4ndigkeit oder Aktualit\u00e4t. Hinweise auf die Rechtslage stellen keine Rechtsberatung dar und k\u00f6nnen veraltet sein.&hellip; <br \/> <a class=\"read-more\" href=\"https:\/\/www.steelshooting.de\/index.php\/impressum\/\">Weiterlesen<\/a><\/p>\n","protected":false},"author":2,"featured_media":0,"parent":0,"menu_order":0,"comment_status":"closed","ping_status":"closed","template":"","meta":{"footnotes":""},"class_list":["post-105","page","type-page","status-publish","hentry"],"_links":{"self":[{"href":"https:\/\/www.steelshooting.de\/index.php\/wp-json\/wp\/v2\/pages\/105","targetHints":{"allow":["GET"]}}],"collection":[{"href":"https:\/\/www.steelshooting.de\/index.php\/wp-json\/wp\/v2\/pages"}],"about":[{"href":"https:\/\/www.steelshooting.de\/index.php\/wp-json\/wp\/v2\/types\/page"}],"author":[{"embeddable":true,"href":"https:\/\/www.steelshooting.de\/index.php\/wp-json\/wp\/v2\/users\/2"}],"replies":[{"embeddable":true,"href":"https:\/\/www.steelshooting.de\/index.php\/wp-json\/wp\/v2\/comments?post=105"}],"version-history":[{"count":8,"href":"https:\/\/www.steelshooting.de\/index.php\/wp-json\/wp\/v2\/pages\/105\/revisions"}],"predecessor-version":[{"id":413,"href":"https:\/\/www.steelshooting.de\/index.php\/wp-json\/wp\/v2\/pages\/105\/revisions\/413"}],"wp:attachment":[{"href":"https:\/\/www.steelshooting.de\/index.php\/wp-json\/wp\/v2\/media?parent=105"}],"curies":[{"name":"wp","href":"https:\/\/api.w.org\/{rel}","templated":true}]}}